?
1
Let g(y) = -2*y**3 + 57*y**2 + 26*y. What is g(29)?
-87
Let v(p) = p**2 - 9. Give v(0).
-9
Let v(q) = 4*q**2 - 39*q - 19. Give v(10).
-9
Let w(m) = -138*m - 13. Calculate w(1).
-151
Let j(a) = a**3 + 5*a**2 + a - 5. Give j(-4).
7
Let h(w) = -7*w + 41. What is h(7)?
-8
Let s(t) = t**3 + 3*t**2 - 8*t - 11. What is s(-5)?
-21
Let r(a) = 10*a + 36. Calculate r(-5).
-14
Let f(s) = 6*s**2 - 6*s - 21. Give f(-3).
51
Let v(f) = f**3 + 9*f**2 + 2. What is v(-9)?
2
Let f(n) = n**3 + 23*n**2 - 3*n - 48. What is f(-23)?
21
Let i(x) = -x**3 + 7*x**2 + 5*x + 9. Give i(6).
75
Let t(q) = 97*q - 87. Give t(1).
10
Let b(c) = c**2 + 16*c + 33. Calculate b(-14).
5
Let g(k) = 3*k + 5. Give g(4).
17
Let y(n) = -17*n**3 - n**2 - n. Give y(-1).
17
Let x(q) = q**3 + 49*q**2 + 141*q + 144. Determine x(-46).
6
Let h(t) = -t**3 - 10*t**2 - 17*t - 17. Calculate h(-8).
-9
Let g(t) = -t**3 + 20*t**2 - 35*t - 18. What is g(18)?
0
Let p(n) = -n**2 + 5*n. Determine p(4).
4
Let p(r) = 2*r**3 + 6*r**2 + 2*r - 1. Determine p(-5).
-111
Let o(u) = -11*u**2 - 2*u - 4. What is o(-1)?
-13
Let i(n) = n**3 - 2*n**2 - 6*n + 26. Calculate i(3).
17
Let m(z) = -17*z**3 - 5*z**2 - 9*z - 4. Determine m(-1).
17
Let u(j) = -j**3 - 16*j**2 - 17*j - 17. Calculate u(-15).
13
Let b(k) = -k**2 - 24*k - 54. What is b(-22)?
-10
Let n(k) = -k - 2. Determine n(19).
-21
Let p(i) = 2*i**2 - 7*i - 5. What is p(3)?
-8
Let i(c) = 2*c**3 + 59*c**2 + 29*c - 7. What is i(-29)?
-7
Let g(w) = 34*w + 240. Give g(-7).
2
Let i(d) = 4*d**2 + 33*d + 28. Determine i(-7).
-7
Let l(m) = 140*m. Calculate l(-1).
-140
Let z(r) = -9*r - 370. Determine z(-41).
-1
Let s(h) = -2*h + 19. Calculate s(11).
-3
Let g(t) = -t**3 + t**2 + 12*t. Calculate g(4).
0
Let q(u) = -u**3 - 12*u**2 + 35*u + 95. Determine q(-14).
-3
Let k(m) = m**2 - 10*m - 7. Determine k(12).
17
Let g(y) = -3*y - 12. Determine g(5).
-27
Let t(q) = 11*q + 109. Give t(-9).
10
Let i(z) = z**2 - 3*z + 16. Calculate i(5).
26
Let n(s) = 4*s - 5. What is n(-7)?
-33
Let c(h) = -h**3 + 4*h - 6. What is c(4)?
-54
Let f(h) = 2*h + 1. Calculate f(3).
7
Let x(n) = 2*n - 7. Give x(7).
7
Let a(c) = -5*c. Calculate a(7).
-35
Let k(u) = u**2 - u + 2. What is k(0)?
2
Let j(s) = s + 3. Determine j(-6).
-3
Let m(o) = -o**3 + 13*o**2 + 2*o - 4. Determine m(13).
22
Let u(h) = -h**3 + 6*h**2 - 9*h + 36. Give u(5).
16
Let q(p) = -3*p**3 + 7*p**2 - 3*p + 3. Give q(2).
1
Let i(l) = -l**2 - 2*l - 1. Give i(-1).
0
Let k(x) = x**3 + 9*x**2 + 6*x. Calculate k(-6).
72
Let q(o) = -72*o - 508. What is q(-7)?
-4
Let m(b) = b**3 - b**2 - b. Give m(2).
2
Let r(x) = -x**2 + 6*x + 3. Determine r(5).
8
Let t(x) = x**2 - 7*x + 2. Give t(2).
-8
Let t(b) = -b**2 + 21*b - 39. Calculate t(11).
71
Let g(l) = 4*l**3 + 4*l**2 + l + 2. Determine g(-2).
-16
Let f(o) = o**3 + 48*o**2 + 321*o + 33. Give f(-40).
-7
Let b(o) = -o**2 - 12*o + 2. Give b(-5).
37
Let m(p) = 9*p + 3. Give m(4).
39
Let p(i) = -2*i**2 + 24*i + 5. Give p(12).
5
Let h(c) = -c**2 - 5*c + 3. Determine h(-4).
7
Let p(s) = s**3 - 3*s**2 - 3*s - 3. Give p(4).
1
Let x(h) = -2*h + 16. Calculate x(13).
-10
Let x(b) = 4*b. Give x(4).
16
Let l(c) = 2*c**2 - 25*c - 108. Calculate l(15).
-33
Let a(r) = 9*r - 6. What is a(7)?
57
Let j(c) = 6*c**2 + 7*c + 2. Calculate j(-2).
12
Let j(u) = -u**3 - 3*u**2 - 2*u. What is j(-2)?
0
Let v(a) = 8*a**3 - 6*a**2 + a + 4. What is v(2)?
46
Let m(v) = v**3 - 4*v**2 + 5*v - 7. Determine m(3).
-1
Let i(n) = -n**3 + 3*n**2 + 13*n - 27. What is i(2)?
3
Let o(g) = g**2 + 4*g - 3. Determine o(3).
18
Let o(t) = -t**3 + 22*t**2 - 16*t - 112. Determine o(21).
-7
Let x(q) = q**3 + 2*q**2 - q - 2. What is x(-2)?
0
Let z(h) = 2*h - 40. Determine z(-9).
-58
Let a(r) = -3*r**2 - 5*r + 3. Give a(4).
-65
Let d(l) = -2*l**3 - 5*l**2 + 9*l + 20. Give d(-2).
-2
Let r(w) = -w**2 - 3*w + 7. Determine r(-6).
-11
Let y(r) = -r**2 + 12*r + 12. Determine y(7).
47
Let d(y) = -3*y - 26. Give d(-7).
-5
Let y(o) = 2*o**3 - 4*o**2 + 6. Determine y(2).
6
Let u(c) = -130*c - 124. Give u(-1).
6
Let d(l) = -2*l - 25. Give d(-5).
-15
Let t(p) = 2*p**3 + 21*p**2 + 6*p - 35. Give t(-10).
5
Let g(j) = -j**2 + 9*j - 9. What is g(8)?
-1
Let r(q) = 3*q + 58. Give r(-25).
-17
Let u(b) = -b**3 - 6*b**2 + 11*b + 78. Determine u(-7).
50
Let c(m) = m - 5. What is c(-2)?
-7
Let h(f) = -153*f + 141. Calculate h(1).
-12
Let l(q) = -q**2 - 5*q + 180. Give l(11).
4
Let l(k) = -18*k. What is l(-4)?
72
Let j(q) = -q + 55. Determine j(37).
18
Let t(q) = 2*q**2 + 36*q - 61. Determine t(-19).
-23
Let u(a) = -13*a + 128. What is u(10)?
-2
Let b(m) = -3*m + 26. Determine b(12).
-10
Let g(f) = -9*f - 5. Determine g(-2).
13
Let w(s) = 28*s + 88. Calculate w(-3).
4
Let a(g) = -g**2 + 26*g + 100. Give a(29).
13
Let y(v) = -4*v + 54. Determine y(9).
18
Let v(h) = -h**3 - 8*h**2 - 17*h - 68. Determine v(-7).
2
Let s(d) = d**3 - 32*d**2 - 32*d - 25. What is s(33)?
8
Let u(g) = -2*g**3 - 16*g**2 + 21*g + 26. Give u(-9).
-1
Let v(w) = w**2 - 14*w + 50. Give v(7).
1
Let g(r) = 14*r - 82. What is g(5)?
-12
Let y(t) = -t**3 - 4*t**2 - 2*t - 6. Determine y(-4).
2
Let w(x) = -10*x + 8. Calculate w(-2).
28
Let b(c) = -c**2 - 6*c - 5. What is b(-2)?
3
Let s(i) = -i**3 - 5*i**2 + i - 3. Determine s(-4).
-23
Let q(f) = 4*f + 43. Calculate q(-10).
3
Let o(h) = -4*h + 9. Give o(6).
-15
Let j(w) = w**2 - 21*w - 59. Calculate j(27).
103
Let r(t) = -t**3 - 2*t**2 + t + 2. Calculate r(-1).
0
Let y(l) = -12*l - 140. Calculate y(-12).
4
Let d(n) = n**3 - 15*n**2 + 14*n - 12. Determine d(14).
-12
Let o(d) = -d**3 + 12*d**2 - 11*d - 6. Give o(11).
-6
Let j(y) = 7*y - 145. What is j(21)?
2
Let d(w) = 243*w - 1217. Determine d(5).
-2
Let k(w) = 45*w - 1. Give k(1).
44
Let f(b) = -b**2 - b - 28. Determine f(0).
-28
Let m(b) = 29*b**2 - 5*b + 4. Give m(1).
28
Let n(u) = -6*u**2 + u + 6. What is n(0)?
6
Let g(i) = -2*i**2 + 3*i + 1. Calculate g(3).
-8
Let y(g) = g - 1. Give y(8).
7
Let t(f) = -f**3 - 11*f**2 - 19*f + 3. What is t(-9)?
12
Let g(u) = -u**3 + 22*u**2 - 22*u + 36. Calculate g(21).
15
Let z(t) = -2*t**3 + 11*t**2 - 23*t. Give z(2).
-18
Let y(d) = d + 9. What is y(-4)?
5
Let o(u) = -2*u**2 - 2*u + 4. What is o(-4)?
-20
Let d(h) = h**2 + 5*h + 9. What is d(6)?
75
Let h(v) = 74*v**2 - 1. Give h(-1).
73
Let b(a) = -a**3 - 6*a**2 + 7*a + 7. Determine b(-8).
79
Let w(b) = -4*b + 16. What is w(-4)?
32
Let f(b) = 29*b - 926. Give f(32).
2
Let s(k) = -k**2 - k - 51. What is s(0)?
-51
Let p(d) = -d**2 + 7*d - 1. Give p(5).
9
Let l(d) = -d - 7. What is l(-10)?
3
Let n(a) = 4*a**3 - 2*a**2 + 5*a - 2. Give n(1).
5
Let m(b) = b**2 + 24*b - 72. What is m(-27)?
9
Let l(i) = 2*i**3 - i**2 - 6*i - 6. Determine l(-1).
-3
Let m(t) = t**2 - 4*t - 2. Calculate m(-3).
19
Let h(t) = -t**3 + 9*t**2 - 17*t - 12. Give h(6).
-6
Let j(y) = -11*y - 13. What is j(-3)?
20
Let w(m) = -25*m - 515. Determine w(-21).
10
Let a(v) = -v**3 - 2*v**2 + v - 1. Give a(-4).
27
Let s(i) = -i**3 - 6*i**2 - i + 1. Determine s(-5).
-19
Let u(f) = f**2 + 8*f + 10. Determine u(-12).
58
Let h(a) = a**3 + 12*a**2 + 11*a - 17. Determine h(-11).
-17
Let z(x) = 14*x**2 + 8. Calculate z(2).
64
Let h(l) = 5*l + 64. Give h(-13).
-1
Let v(n) = -n**3 + 20*n**2 - 92*n + 11. Give v(7).
4
Let l(o) = o**3 - 8*o**2 - 4*o - 29. Give l(9).
16
Let p(f) = -f**3 + 5*f**2 + 5*f + 4. Give p(6).
-2
Let n(m) = -m**3 - 3*m**2 - 3*m - 2. Determine n(-3).
7
Let w(k) = -3*k**2 + 12*k - 6. Calculate w(2).
6
Let o(d) = -12*d**2 + 3*d - 5. Calculate o(2).
-47
Let u(o) = 8*o - 10. Give u(-2).
-26
Let v(z) = z**2 - 2*z + 5. Determine v(3).
8
Let t(m) = m - 26. Determine t(25).
-1
Let f(m) = 2*m + 5. What is f(-6)?
-7
Let l(u) = 68*u + 460. Calculate l(-7).
-16
Let y(h) = 4*h - 32. Calculate y(5).
-12
Let c(q) = q**2 + 8*q + 6. What is c(-6)?
-6
Let k(y) = -33*y - 333. Determine k(-10).
-3
Let o(r) = -2*r**2 + 36*r - 151. Calculate o(10).
9
Let y(v) = -3*v - 7. What is y(-5)?
8
Let n(p) = -p**3 + 2*p**2 + p + 1. Give n(2).
3
Let j(v) = -v**3 + 3*v**2 + 6*v - 2. What is j(5)?
-22
Let l(h) = 2*h**3 - 2*h**2 + 3*h + 3. What is l(-2)?
-27
Let m(v) = -v**2 + 7*v + 38. What is m(9)?
20
Let j(a) = -a - 11. Calculate j(-14).
3
Let y(h) = h**3 - 4*h**2 + 4*h - 3. Give y(2).
-3
Let a(u) = -9*u + 5. What is a(2)?
-13
Let t(k) = -2*k**3 - 5*k**2 + 6*k + 5. Calculate t(-3).
-4
